))
-19
Calculate (1 + (-14 - -2) - -18) + 5 + 7.
19
1 - 7 - (15 + (-7 - 5) + -1)
-8
-29 - (-70 + 21) - 31
-11
Calculate 5 + 2 + (-24 - -20).
3
(-11 - (11 - (25 + 1))) + -34
-30
What is the value of 1 + -10 - (-8 + 13 + 4 + -11)?
-7
What is the value of 10 - -1 - (10 - (1 + -10 - -16))?
8
Calculate 20 - 1 - (-189 + 212).
-4
What is the value of -3 - (1 + 6 + -19 + 3 + 15)?
-9
Calculate -5 - ((11 - 10) + -8 + 2).
0
What is the value of 5 + (-35 - 0) + 4?
-26
What is -13 + -30 + 39 + (-9 - -1 - -1)?
-11
(-6 + 3 + 2 - -3) + 0
2
Calculate 2 + -6 - (-17 + 10) - (15 + -12).
0
What is the value of 1 + -19 - (99 - 105)?
-12
1 + (25 - 11) + -13 + (-1 - -4)
5
What is the value of (11 - -6) + (1 + 1 - 6)?
13
What is the value of (-10 - -3) + (-10 - -30 - -3) + 9?
25
What is the value of 7 - (-3 + -11 + (33 - -2))?
-14
Calculate (-19 + -46 - -70) + -25 + -1.
-21
What is the value of -16 - -4 - -30 - (-7 - -15)?
10
What is the value of 25 + -12 + 30 + -5?
38
What is 10 - 1 - (-2 - -4) - (-29 - -31)?
5
(1 - (7 + -4)) + (-64 - -85)
19
(8 - 15) + (0 - -1) - (-6 - -1)
-1
Calculate -14 + 1 + (24 - 2) + -21 + 0.
-12
(3 - -10 - 2) + 0 + -6
5
What is -1 - 0 - (-6 + (3 - (-10 + 6)))?
-2
What is the value of 19 + (-39 - (23 + -45))?
2
What is 2 + -2 + 10 - (229 - 222)?
3
30 - (8 - 9) - (-10 + 11)
30
Evaluate -2 + (-15 - -4) - -18 - -13.
18
What is the value of -5 + ((48 - 37) + -3 - (0 + 3))?
0
Calculate (-20 + 1 - 5 - -4) + -4.
-24
-75 + 61 - (3 + -14)
-3
What is 2 - (23 + 1 - -1) - (5 - -1)?
-29
3 + 5 - (-3 + 2 + 0 - -6)
3
What is 2 + 1 - (4 + 3 + -1 + -4)?
1
15 + (10 - ((6 - -3) + 12))
4
What is 21 - 34 - (6 - 32)?
13
Calculate -3 + 24 + -11 + 1.
11
What is 21 - (2 + 5) - (-8 + 4 - 1)?
19
What is the value of -1 + -8 + 3 - (-70 + 51)?
13
What is the value of 2 + 0 - (5 - 1 - 10) - -1?
9
1 - ((4 - (8 + -5)) + 13)
-13
What is the value of 54 + -38 + -26 - (-33 + 1)?
22
-8 + (5 + 2 - (-9 - 9 - -21))
-4
Calculate (7 - -1) + (824 - 804).
28
-96 - -108 - (27 - 2)
-13
Evaluate 1 + -2 + -23 + -24 + 44 - -7.
3
(-4 - 2) + 28 + (-5 - 5)
12
0 - (-38 - -38 - (2 + 1))
3
Calculate -2 + 5 + -11 - (-23 - -1 - -15).
-1
What is (2 - -62) + (198 - 235)?
27
5 + (-11 + 0 + 0 + 2 - -1)
-3
Calculate (-8 - 1) + 1 - 12.
-20
What is the value of 12 + -17 + 1 + -2 + 7 + 0?
1
Evaluate 20 + -23 + 13 - -3.
13
What is 4 + -18 + (10 - 4)?
-8
Evaluate -285 + 284 + -1 + -9.
-11
(-14 - -13) + (-6 - 2) - 5
-14
-18 + 8 - -11 - 17
-16
Evaluate -3 + 5 + -6 - -8.
4
What is the value of -3 + 7 - (36 + -21 + 1 + 1)?
-13
What is the value of 25 - (53 - (10 - -15))?
-3
What is the value of (1 - 1) + 0 - (41 - (-26 - -61))?
-6
(-11 - -7) + -2 + -1 + 10
3
-1 + 1 - (3 - -3 - (-12 - -7))
-11
What is the value of -10 + (-8 - (-4 - 5))?
-9
What is (8 + -25 - -12) + (3 - 1) + -3?
-6
Evaluate -28 + 17 + (2 - 4 - -8).
-5
-57 - (-2 + -49) - (-1 + -32 - -1)
26
9 - (17 + -7 + -2 + 0)
1
What is -1 - -9 - (9 - (4 + -8))?
-5
2 - -25 - (-54 + 67)
14
Evaluate (-6 + (4 - 7) - (-8 + 11)) + -3.
-15
What is 0 + 21 + -22 + (3 - (0 + 5))?
-3
Evaluate -369 + 367 - (0 + (1 - 2) + 0).
-1
Evaluate (6 - 0 - 0) + 6 + -20.
-8
-15 - (15 + -1 - (441 + -440))
-28
What is -520 - -491 - (-25 + -1)?
-3
(-2 + -6 - -2 - (-12 + 6)) + 2
2
Calculate (5 - (4 + -7) - 16) + 11.
3
What is -15 + 57 + (-42 - 0)?
0
-8 - ((0 - -3) + 0 + -14 + -19)
22
What is the value of 2 - 18 - -1 - (456 - 470)?
-1
-17 + (-13 - -33) + -16
-13
Calculate 0 + -32 + 29 + (-2 - -8).
3
7 - (7 + (4 - -1) + -8 + 0)
3
-13 - (3 - 24 - -12 - -10)
-14
Calculate -3 - ((8 - (4 + 2)) + 1).
-6
What is the value of 30 - (-8 - (-8 - (-3 - (3 + -9))))?
27
Evaluate (6 - 9) + 3 + 7 + 10.
17
What is (20 - -7 - 23) + 13?
17
Calculate 6 + 0 - (-151 - -158).
-1
What is 46 - 56 - (4 - 12)?
-2
(7 - 3) + -2 - (13 + 25 + -12)
-24
6 + 0 + (-7 - (-8 - 11) - 24)
-6
What is (-8 + -2 - 9) + 15?
-4
10 - (-13 + 21) - (17 - 0)
-15
16 + 13 + -41 - (-7 - 0)
-5
What is 20 + (-8 - (6 - 4))?
10
Calculate -28 - (14 + -19 + -12).
-11
What is the value of 13 - (7 + 0) - 16 - 2?
-12
What is 13 + 6 - ((-1 - -6) + 12 + -13)?
15
Evaluate 12 - -1 - (-42 + 39).
16
Calculate 0 + -7 - (-1 + -39 - -25).
8
What is the value of 1 + -4 + 8 + -4 + 6 + -2?
5
What is the value of -9 + -29 + -23 + 85?
24
12 - (20 + 0 + -7)
-1
What is (2 - 34) + 3 + 9 + (8 - 1)?
-13
Evaluate 19 + -14 + (8 - (6 + -4)).
11
Evaluate -1 + -2 + 1 - (39 - 30).
-11
What is -12 + (11 - -15) - (14 + -16)?
16
What is -30 + (0 + -8 - (30 + -33 + -10))?
-25
Calculate (-2 - 1) + -20 + -17 + 30.
-10
Evaluate (-8 - 1) + 141 + -120.
12
Calculate (3 - 37) + 3 + (6 - (-6 - -3)).
-22
Calculate -45 + 49 + (6 - -2).
12
5 + (22 - 18) + (2 - 1)
10
Calculate 42 + -32 + (-1 - -17).
26
4 + (-2 - 4) + 3 + -6 + -2
-7
Evaluate (26 - (-1 - -9)) + -27.
-9
What is -425 - -425 - (17 + (1 - 1))?
-17
Calculate (20 - (0 + 11 + -1)) + -3.
7
What is -20 + (29 - 10 - 7)?
-8
Evaluate (1 - -23) + -5 - (80 + -68).
7
(-13 - -21) + 1 + -11
-2
Calculate 41 + (1 - (-4 + (14 - 0))).
32
Calculate 1 + 0 + 5 - (141 + -129).
-6
-13 - (-24 - -8) - -8
11
Evaluate 1 - -6 - (-12 + (-18 - -9) + 24).
4
What is 0 - -3 - 1 - (49 - (17 + 30))?
0
What is 25 - 12 - (-8 - -12)?
9
What is (0 - -8) + (-18 - 0) - (11 - -3)?
-24
(62 - 0) + (5 - 41)
26
Calculate -264 + 272 - (-2 + 14).
-4
What is (-2 - 16) + (-54 - -58) - -7?
-7
What is the value of 5 - (16 + (6 + -12 - -5))?
-10
(8 - 1) + -6 + 15 + (2 - 4)
14
Evaluate -3 - -2 - -7 - (42 + -62 + 46).
-20
What is -2 - (-10 - (-5 + -6 + 5) - -2)?
0
Evaluate -11 - -7 - (0 - 9) - -9.
14
(0 - 1 - 3 - (292 - 285)) + 17
6
Evaluate (0 + (1 - (2 - 6)) - 13) + 17.
9
What is the value of -3 + 0 + (-10 - (-7 - -1))?
-7
What is the value of -2 - 3 - ((51 - 13) + -35)?
-8
Evaluate 1 + 5 + -10 - (-5 + 7).
-6
Evaluate (-21 + -12 - -6) + 12.
-15
What is the value of -7 + (32 - (-13 + 28)) + -6?
4
Evaluate -4 + (-1 - -3) + -2 + 874 + -878.
-8
Evaluate -78 + (-26 - -58) - -16.
-30
-2 + (48 - (1 + 2)) + -90 + 80
33
What is (-28 - ((2 - (-6 - -13)) + 12)) + 7?
-28
What is the value of -5 + 0 - (-6 + (24 - 18))?
-5
What is -12 + (-168 - -181) + (-5 - 2)?
-6
What is the value of (8 - 23) + 56 - 30?
11
Calculate 7 + 16 - (0 + -5 + 0 + 6).
22
What is the value of 9 + (10 - (3 + 3))?
13
Calculate -15 + 5 + 16 - -8 - 7.
7
What is the value of -4 - ((10 - (2 - -19)) + -6 + 4)?
9
1 + -3 + 3 - (-36 - -21 - 0)
16
What is the value of (2 - -6) + -1 + (-5 - -11) + -1?
12
-100 + 107 - (3 + 24)
-20
Evaluate 9 + (5 - (-3 - -2)).
15
Evaluate -20 - (-3 - 4) - -5.
-8
What is the value of 19 + 10 - 16 - 29?
-16
What is -3 + (6 + 0 - 20) + (-3 - -4)?
-16
What is the value of 47 - (35 - (-4 + 15))?
23
Evaluate 252 + -276 - (-1 + -10).
-13
What is the value of -25 + (-7 - 4) - -16?
-20
What is -28 + 13 + -8 + 16?
-7
What is the value of (-90 - -54) + (1 - (0 + -2 - 4))?
-29
What is the value of -1337 + 1336 - (1 + -2)?
0
What is the value of 6 + -30 + 23 + 4?
3
Evaluate 12 - (-16 - 1 - -22 - (1 + 14)).
22
-18 - (6 + -5 + -11 + 13 + 4)
-25
What is the value of 99 + -65 + (-46 - 1)?
-13
What is -2 - -6 - (-4 - -9 - (3 - -3))?
5
Evaluate (-5 - (-1 - -3)) + -14 + 32 + -11.
0
Calculate -7 + (11 - ((25 - 31) + (1 - -5))).
4
What is 24 + -37 - -32 - 8?
11
Evaluate 12 - -3 - (16 + (40 - 51)).
10
Calculate (-5 + 2 - (-4 + 6 - 8)) + 7.
10
-62 + 75 + -2 + -2 + -1
8
What is -17 + 26 + 18 + -2 - (2 - 4)?
27
What is 24 + (-30 - (-20 + 12))?
2
Evaluate (-2 - -1 - 3) + -2 - (-32 - -38).
-12
What is the value of -15 - ((8 - 5) + 25) - -11?
-32
-37 + 39 + (2 - 8) - 9
-13
What is -9 + -6 + (-9 - -14)?
-10
Calculate -1 + 15 + (-22 + 18 - -5) + -6.
9
What is the value of 11 - ((-6 - -10) + -1 - (0 - -2))?
10
What is (21 + -35 - 5) + 19?
0
Calculate -9 - (2 + (12 - 21) + 5) - -40.
33
1 - -11 - (16 - -4 - -8)
-16
Calculate 12 - (-2 - -13) - 2 - -12.
11
What is 6 + (1 + -4 - (16 + -16 + 5))?
-2
Evaluate 8 - (11 + 12 + -12).
-3
What is 16 + (9 + 10 - 40)?
-5
Evaluate 6 + (-6 + 6 + 13 - 1).
18
-38 + 9 + 2 + (-6 - -8)
-25
(-20 - (-24 + 5)) + -13
-14
Evaluate -3 - 1 - ((-12 - (-48 + 13)) + -18).
-9
Calculate 3 + 4 - (24 - -3 - 17).
-3
Calculate 0 - 8 - (-8 - -3 - (4 + -6)).
-5
What is the value of 2 - ((21 - 14) + 9)?
-14
What is the value of (2 - -3) + -2 - (17 - 13)?
-1
What is the value of (54 - 39) + -54 - -40?
1
Evaluate 6 +